st common divisor of 65211 and 453.
3
What is the highest common factor of 24010417 and 466?
233
Calculate the highest common factor of 1030523 and 340.
17
Calculate the highest common divisor of 2999871 and 553.
7
What is the highest common factor of 2277 and 122630871?
759
Calculate the highest common divisor of 7777 and 29906908.
101
What is the highest common factor of 3341 and 46209371?
3341
Calculate the highest common factor of 308 and 434162740.
44
What is the greatest common divisor of 70 and 28865260?
10
Calculate the greatest common divisor of 110052 and 294491.
1019
What is the greatest common divisor of 6 and 596458548?
6
Calculate the highest common divisor of 798 and 1399806.
114
Calculate the greatest common factor of 11 and 4505655.
11
Calculate the greatest common factor of 136043456 and 56.
8
Calculate the highest common divisor of 74 and 1480311836.
74
What is the highest common factor of 176 and 7141424?
16
What is the greatest common divisor of 813 and 143230546?
271
What is the highest common factor of 3267 and 341118?
27
What is the greatest common factor of 40345344 and 898?
898
What is the highest common divisor of 309507 and 7232?
113
What is the highest common divisor of 77958829 and 332?
83
What is the greatest common divisor of 13238805 and 15?
15
Calculate the greatest common divisor of 72419621 and 47.
47
Calculate the greatest common divisor of 118686 and 3755370.
906
Calculate the greatest common divisor of 47487 and 87633661.
1439
Calculate the highest common factor of 69700 and 196554.
1394
What is the highest common factor of 24071645 and 25?
5
What is the highest common divisor of 621 and 12324757?
23
What is the greatest common factor of 10288 and 18121669?
643
Calculate the highest common divisor of 97416275 and 8950.
4475
What is the highest common factor of 88263 and 91854?
189
What is the highest common divisor of 252357 and 8337?
21
What is the greatest common factor of 14382286 and 8072?
2018
Calculate the greatest common divisor of 72874 and 933314.
878
Calculate the highest common divisor of 132186960 and 2304.
144
Calculate the highest common factor of 17646 and 129642.
102
Calculate the highest common factor of 5368 and 213134.
122
Calculate the highest common divisor of 12085 and 6995.
5
What is the highest common factor of 1192 and 819608?
8
What is the highest common divisor of 2835 and 55757205?
315
What is the highest common factor of 4128 and 1214168?
8
What is the greatest common divisor of 6552 and 4795336?
728
Calculate the greatest common divisor of 21901794 and 1026.
114
Calculate the highest common divisor of 8515 and 28532062.
1703
Calculate the greatest common factor of 593 and 50227693.
593
Calculate the highest common divisor of 1071608 and 1363.
29
What is the greatest common divisor of 857543 and 2119?
163
What is the greatest common divisor of 26955 and 938820?
15
Calculate the greatest common factor of 100860 and 6690.
30
What is the highest common factor of 20968168 and 88?
8
What is the highest common factor of 114 and 12403922?
38
Calculate the highest common factor of 2558140 and 689.
13
Calculate the highest common factor of 3540 and 105197.
59
What is the greatest common factor of 6254108 and 518?
14
What is the highest common factor of 100740490 and 40815?
4535
Calculate the highest common divisor of 5616699 and 99.
33
Calculate the highest common divisor of 49608 and 485268.
636
Calculate the greatest common divisor of 72090883 and 95.
19
What is the greatest common factor of 227151 and 16664184?
4833
What is the highest common factor of 4655007 and 111888?
2331
Calculate the greatest common factor of 5024271 and 21.
21
Calculate the highest common factor of 78074 and 565468.
758
What is the highest common factor of 12438 and 127472916?
4146
Calculate the greatest common divisor of 343008 and 2170368.
864
Calculate the highest common divisor of 588 and 93571282.
98
Calculate the highest common factor of 8389150 and 550.
550
What is the highest common factor of 5070820 and 15265?
355
Calculate the highest common divisor of 1816 and 662159.
227
What is the greatest common divisor of 292 and 1893019356?
292
What is the greatest common factor of 300 and 945876?
12
What is the highest common factor of 115045 and 44288?
173
Calculate the highest common factor of 1571187 and 6.
3
What is the greatest common divisor of 482211 and 37728?
1179
What is the greatest common factor of 160146 and 2730231?
2583
Calculate the highest common factor of 224 and 2785600.
32
What is the greatest common factor of 27234624 and 4704?
96
What is the highest common factor of 32 and 34072640?
32
Calculate the highest common divisor of 360532 and 22317.
173
Calculate the highest common factor of 3740 and 24274140.
220
Calculate the greatest common divisor of 46240 and 96260.
20
What is the highest common divisor of 8277 and 2008908?
267
What is the greatest common divisor of 276 and 6993468?
12
What is the highest common divisor of 13695 and 1556115?
165
Calculate the highest common divisor of 20744 and 1365064.
8
Calculate the highest common factor of 30227974 and 14.
14
Calculate the greatest common divisor of 1355611445 and 21572.
5393
Calculate the highest common factor of 1337945 and 10795.
635
What is the greatest common factor of 3043 and 1553899?
179
Calculate the greatest common factor of 128838 and 102.
6
What is the highest common factor of 725 and 3002283?
29
What is the greatest common divisor of 1489744 and 10256?
16
Calculate the greatest common divisor of 303 and 25085168.
101
What is the greatest common factor of 38 and 319103290?
38
Calculate the greatest common divisor of 1461306 and 144837.
231
What is the highest common divisor of 286 and 63959038?
286
Calculate the greatest common factor of 1394 and 19979546.
82
Calculate the highest common factor of 72045806 and 34090.
6818
Calculate the greatest common divisor of 9792576 and 29808.
1296
What is the highest common divisor of 6013 and 4403?
7
What is the highest common divisor of 78461072 and 4112?
4112
Calculate the greatest common factor of 167948 and 2367928.
1388
What is the greatest common divisor of 4916030 and 130?
10
What is the highest common divisor of 455180640 and 15?
15
Calculate the greatest common factor of 74741 and 7471.
31
Calculate the highest common divisor of 11608 and 112243556.
5804
What is the greatest common factor of 12 and 152119866?
6
Calculate the greatest common factor of 686409447 and 874.
437
Calculate the greatest common factor of 61610 and 1653710.
610
What is the greatest common divisor of 219675 and 5325?
75
Calculate the greatest common factor of 13720 and 17934.
98
Calculate the greatest common factor of 1626492 and 188428.
1156
Calculate the highest common factor of 4012 and 13083676.
68
Calculate the greatest common divisor of 745 and 75543.
149
Calculate the greatest common factor of 31784 and 422559.
29
What is the highest common divisor of 266511 and 2257?
37
Calculate the greatest common factor of 1937457515 and 895.
895
What is the greatest common divisor of 122891451 and 1509?
1509
Calculate the highest common divisor of 384 and 2370912.
96
What is the greatest common divisor of 74104983 and 9?
9
Calculate the highest common divisor of 198 and 69443682.
66
What is the greatest common divisor of 729297 and 25623?
27
What is the greatest common divisor of 2367216 and 65484?
612
What is the greatest common factor of 18641682 and 72?
18
What is the highest common divisor of 5215408 and 528?
176
What is the greatest common divisor of 1182055 and 33355?
35
What is the greatest common factor of 7381 and 54900?
61
What is the highest common divisor of 36648 and 569331261?
4581
Calculate the highest common divisor of 395 and 259263701.
79
What is the highest common divisor of 25 and 3785365?
5
Calculate the highest common divisor of 47285945 and 175.
35
Calculate the highest common factor of 1189856 and 382336.
3296
What is the highest common divisor of 91725512 and 264?
8
Calculate the highest common factor of 714 and 4818909522.
714
What is the highest common factor of 7192570 and 539?
77
Calculate the greatest common factor of 64872 and 107176653.
8109
Calculate the greatest commo